{"id":74,"date":"2016-03-31T20:33:19","date_gmt":"2016-04-01T01:33:19","guid":{"rendered":"http:\/\/172.16.20.3\/servicios\/?page_id=74"},"modified":"2025-08-20T12:49:38","modified_gmt":"2025-08-20T17:49:38","slug":"biblioteca","status":"publish","type":"page","link":"https:\/\/www.sppat.gob.ec\/servicios\/?page_id=74","title":{"rendered":"Biblioteca"},"content":{"rendered":"<p style=\"text-align: justify;\">Aqu\u00ed puedes encontrar todos los acuerdos, documentos, revistas y fondos editoriales de nuestra instituci\u00f3n.&nbsp;Ent\u00e9rate que estamos haciendo.<\/p>\n","protected":false},"excerpt":{"rendered":"<p class=\"excerpt\">Aqu\u00ed puedes encontrar todos los acuerdos, documentos, revistas y fondos editoriales de nuestra instituci\u00f3n.&nbsp;Ent\u00e9rate que estamos haciendo. <a href=\"https:\/\/www.sppat.gob.ec\/servicios\/?page_id=74\">Read more &rarr;<\/a><\/p>\n","protected":false},"author":1,"featured_media":0,"parent":0,"menu_order":0,"comment_status":"closed","ping_status":"closed","template":"descargas.php","meta":[],"_links":{"self":[{"href":"https:\/\/www.sppat.gob.ec\/servicios\/index.php?rest_route=\/wp\/v2\/pages\/74"}],"collection":[{"href":"https:\/\/www.sppat.gob.ec\/servicios\/index.php?rest_route=\/wp\/v2\/pages"}],"about":[{"href":"https:\/\/www.sppat.gob.ec\/servicios\/index.php?rest_route=\/wp\/v2\/types\/page"}],"author":[{"embeddable":true,"href":"https:\/\/www.sppat.gob.ec\/servicios\/index.php?rest_route=\/wp\/v2\/users\/1"}],"replies":[{"embeddable":true,"href":"https:\/\/www.sppat.gob.ec\/servicios\/index.php?rest_route=%2Fwp%2Fv2%2Fcomments&post=74"}],"version-history":[{"count":2,"href":"https:\/\/www.sppat.gob.ec\/servicios\/index.php?rest_route=\/wp\/v2\/pages\/74\/revisions"}],"predecessor-version":[{"id":1936,"href":"https:\/\/www.sppat.gob.ec\/servicios\/index.php?rest_route=\/wp\/v2\/pages\/74\/revisions\/1936"}],"wp:attachment":[{"href":"https:\/\/www.sppat.gob.ec\/servicios\/index.php?rest_route=%2Fwp%2Fv2%2Fmedia&parent=74"}],"curies":[{"name":"wp","href":"https:\/\/api.w.org\/{rel}","templated":true}]}}